{"id":4215,"date":"2022-10-27T16:19:17","date_gmt":"2022-10-27T15:19:17","guid":{"rendered":"https:\/\/www.gexfix.ch\/others\/patients\/"},"modified":"2024-11-19T01:41:59","modified_gmt":"2024-11-19T01:41:59","slug":"patients","status":"publish","type":"page","link":"https:\/\/www.gexfix.ch\/others\/patients\/?lang=fr","title":{"rendered":"Patients"},"content":{"rendered":"\t\t<div data-elementor-type=\"wp-page\" data-elementor-id=\"4215\" class=\"elementor elementor-4215 elementor-2419\">\n\t\t\t\t\t\t<section class=\"elementor-section elementor-top-section elementor-element elementor-element-e6fbb07 elementor-section-full_width elementor-section-height-default elementor-section-height-default\" data-id=\"e6fbb07\" data-element_type=\"section\">\n\t\t\t\t\t\t<div class=\"elementor-container elementor-column-gap-no\">\n\t\t\t\t\t<div class=\"elementor-column elementor-col-100 elementor-top-column elementor-element elementor-element-eafc035\" data-id=\"eafc035\" data-element_type=\"column\">\n\t\t\t<div class=\"elementor-widget-wrap elementor-element-populated\">\n\t\t\t\t\t\t<div class=\"elementor-element elementor-element-ac9ae69 elementor-widget elementor-widget-ms-hero\" data-id=\"ac9ae69\" data-element_type=\"widget\" data-widget_type=\"ms-hero.default\">\n\t\t\t\t<div class=\"elementor-widget-container\">\n\t\t\t\t\t\r\n        <section class=\"ms-hero\" id=\"ac9ae69\">\r\n\r\n            \r\n                            <div class=\"ms-parallax\" data-speed=\"0.7\" data-type=\"scroll\">\r\n                                            <img decoding=\"async\" class=\"jarallax-img\" src=\"https:\/\/theme.madsparrow.me\/most\/wp-content\/uploads\/2022\/11\/stock-photo-1040234435.jpg\" alt=\"\">\r\n                                                        <\/div>\r\n            \r\n            \r\n                \r\n                    <div class=\"ms-hc\">\r\n                        <div class=\"ms-hc--inner\">\r\n                                                                                        <p class=\"ms-hero-subtitle\">Information au patient<\/p>\r\n                                                    <\/div>\r\n                    <\/div>\r\n\r\n                \r\n                \r\n            \r\n        <\/section>\r\n\r\n    \t\t\t\t<\/div>\n\t\t\t\t<\/div>\n\t\t\t\t<div class=\"elementor-element elementor-element-9823756 elementor-widget elementor-widget-spacer\" data-id=\"9823756\" data-element_type=\"widget\" data-widget_type=\"spacer.default\">\n\t\t\t\t<div class=\"elementor-widget-container\">\n\t\t\t\t\t\t\t<div class=\"elementor-spacer\">\n\t\t\t<div class=\"elementor-spacer-inner\"><\/div>\n\t\t<\/div>\n\t\t\t\t\t\t<\/div>\n\t\t\t\t<\/div>\n\t\t\t\t\t<\/div>\n\t\t<\/div>\n\t\t\t\t\t<\/div>\n\t\t<\/section>\n\t\t\t\t<section class=\"elementor-section elementor-top-section elementor-element elementor-element-d68a50f elementor-section-boxed elementor-section-height-default elementor-section-height-default\" data-id=\"d68a50f\" data-element_type=\"section\">\n\t\t\t\t\t\t<div class=\"elementor-container elementor-column-gap-no\">\n\t\t\t\t\t<div class=\"elementor-column elementor-col-100 elementor-top-column elementor-element elementor-element-fb73872\" data-id=\"fb73872\" data-element_type=\"column\">\n\t\t\t<div class=\"elementor-widget-wrap elementor-element-populated\">\n\t\t\t\t\t\t<div class=\"elementor-element elementor-element-2b0ce7d elementor-widget elementor-widget-spacer\" data-id=\"2b0ce7d\" data-element_type=\"widget\" data-widget_type=\"spacer.default\">\n\t\t\t\t<div class=\"elementor-widget-container\">\n\t\t\t\t\t\t\t<div class=\"elementor-spacer\">\n\t\t\t<div class=\"elementor-spacer-inner\"><\/div>\n\t\t<\/div>\n\t\t\t\t\t\t<\/div>\n\t\t\t\t<\/div>\n\t\t\t\t<section class=\"elementor-section elementor-inner-section elementor-element elementor-element-a03c8d5 elementor-section-boxed elementor-section-height-default elementor-section-height-default\" data-id=\"a03c8d5\" data-element_type=\"section\">\n\t\t\t\t\t\t<div class=\"elementor-container elementor-column-gap-default\">\n\t\t\t\t\t<div class=\"elementor-column elementor-col-50 elementor-inner-column elementor-element elementor-element-e088c3e animated-slow elementor-invisible\" data-id=\"e088c3e\" data-element_type=\"column\" data-settings=\"{&quot;animation&quot;:&quot;fadeInUp&quot;,&quot;animation_delay&quot;:500}\">\n\t\t\t<div class=\"elementor-widget-wrap elementor-element-populated\">\n\t\t\t\t\t\t<div class=\"elementor-element elementor-element-56075b7 elementor-widget elementor-widget-heading\" data-id=\"56075b7\" data-element_type=\"widget\" data-widget_type=\"heading.default\">\n\t\t\t\t<div class=\"elementor-widget-container\">\n\t\t\t\t\t<h2 class=\"elementor-heading-title elementor-size-default\"> Descriptif des avantages \/ inconv\u00e9nients du fixateur externe par rapport aux autres types de traitement<\/h2>\t\t\t\t<\/div>\n\t\t\t\t<\/div>\n\t\t\t\t\t<\/div>\n\t\t<\/div>\n\t\t\t\t<div class=\"elementor-column elementor-col-50 elementor-inner-column elementor-element elementor-element-79baf55 animated-slow elementor-invisible\" data-id=\"79baf55\" data-element_type=\"column\" data-settings=\"{&quot;animation&quot;:&quot;fadeInUp&quot;}\">\n\t\t\t<div class=\"elementor-widget-wrap elementor-element-populated\">\n\t\t\t\t\t\t<div class=\"elementor-element elementor-element-67bf85a elementor-widget elementor-widget-text-editor\" data-id=\"67bf85a\" data-element_type=\"widget\" data-widget_type=\"text-editor.default\">\n\t\t\t\t<div class=\"elementor-widget-container\">\n\t\t\t\t\t\t\t\t\t<p class=\"rtejustify\">Le fixateur externe pr\u00e9sente certains<strong> avantages <\/strong>pour le patient par rapport aux syst\u00e8mes de fixations internes telles que plaques ou clous.<\/p><p class=\"rtejustify\">\u00a0<\/p><p class=\"rtejustify\">En premier lieu, c\u2019est une technique mini invasive, dont la technique est simple et relativement rapide. Elle pr\u00e9sente un risque d\u2019infection diminu\u00e9.<\/p><p class=\"rtejustify\">\u00a0<\/p><p class=\"rtejustify\">En deuxi\u00e8me lieu, son retrait est effectu\u00e9 en ambulatoire ce qui permet d\u2019\u00e9viter une ult\u00e9rieure intervention chirurgicale importante.<\/p><p class=\"rtejustify\">En troisi\u00e8me lieu, le fixateur externe permet, dans la majorit\u00e9 des cas, une mobilit\u00e9 pr\u00e9coce des articulations adjacentes \u00e0 la fracture.<\/p><p class=\"rtejustify\">\u00a0<\/p><p class=\"rtejustify\">D\u2019un point de vue m\u00e9dical, le fixateur externe favorise les micromouvements au niveau de la fracture (contrairement aux plaques) ce qui permet une meilleure vascularisation du foyer de fracture et une formation du cal osseux plus rapide et de meilleure qualit\u00e9.<\/p><p>\u00a0<\/p><p class=\"rtejustify\">Certain usages m\u00e9dicaux pr\u00e9conisent l\u2019usage du fixateur temporairement, les premiers jours apr\u00e8s le trauma, en vue de permettre \u00e0 l\u2019\u0153d\u00e8me de se r\u00e9sorber pour mieux d\u00e9cider du traitement appropri\u00e9.<\/p><p class=\"rtejustify\">\u00a0<\/p><p class=\"rtejustify\">D\u2019un point de vue global, c\u2019est une technique rapide\u00a0; simple et \u00e9prouv\u00e9e qui mobilise peu d\u2019assistance de dispositifs complexes. Ce qui diminue les temps d\u2019intervention et donc le co\u00fbt final pour le patient.<\/p><p class=\"rtejustify\">\u00a0<\/p><p class=\"rtejustify\">Comme toute technique, elle a aussi quelques <strong>inconv\u00e9nients<\/strong>\u00a0: Mat\u00e9riel encombrant durant la dur\u00e9e du traitement. Les infections sont toutefois possibles et il est recommand\u00e9 au patient de bien suivre les instructions de soins prescrites par son m\u00e9decin. Le dispositif peut \u00eatre aussi contre-indiqu\u00e9 dans certains cas, comme en cas d\u2019ost\u00e9oporose, par exemple. Pour plus d\u2019information, veuillez consulter votre sp\u00e9cialiste.<\/p><p class=\"rtejustify\">\u00a0<\/p><p class=\"rtejustify\">Pour am\u00e9liorer votre confort, GEXFIX a d\u00e9velopp\u00e9 un fixateur l\u00e9ger et radio transparent gr\u00e2ce \u00e0 ses mat\u00e9riaux techniques de haute qualit\u00e9 comme les fibres de carbone.<\/p>\t\t\t\t\t\t\t\t<\/div>\n\t\t\t\t<\/div>\n\t\t\t\t<div class=\"elementor-element elementor-element-9eebc00 elementor-widget elementor-widget-spacer\" data-id=\"9eebc00\" data-element_type=\"widget\" data-widget_type=\"spacer.default\">\n\t\t\t\t<div class=\"elementor-widget-container\">\n\t\t\t\t\t\t\t<div class=\"elementor-spacer\">\n\t\t\t<div class=\"elementor-spacer-inner\"><\/div>\n\t\t<\/div>\n\t\t\t\t\t\t<\/div>\n\t\t\t\t<\/div>\n\t\t\t\t\t<\/div>\n\t\t<\/div>\n\t\t\t\t\t<\/div>\n\t\t<\/section>\n\t\t\t\t\t<\/div>\n\t\t<\/div>\n\t\t\t\t\t<\/div>\n\t\t<\/section>\n\t\t\t\t<\/div>\n\t\t","protected":false},"excerpt":{"rendered":"<p>Information au patient Descriptif des avantages \/ inconv\u00e9nients du fixateur externe par rapport aux autres types de traitement Le fixateur externe pr\u00e9sente certains avantages [&hellip;]<\/p>\n","protected":false},"author":1,"featured_media":0,"parent":0,"menu_order":0,"comment_status":"closed","ping_status":"closed","template":"page-custom.php","meta":{"footnotes":""},"class_list":["post-4215","page","type-page","status-publish","hentry"],"_links":{"self":[{"href":"https:\/\/www.gexfix.ch\/others\/wp-json\/wp\/v2\/pages\/4215","targetHints":{"allow":["GET"]}}],"collection":[{"href":"https:\/\/www.gexfix.ch\/others\/wp-json\/wp\/v2\/pages"}],"about":[{"href":"https:\/\/www.gexfix.ch\/others\/wp-json\/wp\/v2\/types\/page"}],"author":[{"embeddable":true,"href":"https:\/\/www.gexfix.ch\/others\/wp-json\/wp\/v2\/users\/1"}],"replies":[{"embeddable":true,"href":"https:\/\/www.gexfix.ch\/others\/wp-json\/wp\/v2\/comments?post=4215"}],"version-history":[{"count":4,"href":"https:\/\/www.gexfix.ch\/others\/wp-json\/wp\/v2\/pages\/4215\/revisions"}],"predecessor-version":[{"id":4225,"href":"https:\/\/www.gexfix.ch\/others\/wp-json\/wp\/v2\/pages\/4215\/revisions\/4225"}],"wp:attachment":[{"href":"https:\/\/www.gexfix.ch\/others\/wp-json\/wp\/v2\/media?parent=4215"}],"curies":[{"name":"wp","href":"https:\/\/api.w.org\/{rel}","templated":true}]}}